4*g + 1. Suppose 0 = g*k - 9 - 1. Let s be 69/(-12) + k/(-8). Let w(a) = -a**3 - 5*a**2 + 5*a - 5. Give w(s).
1
Let g(v) be the first derivative of 5*v**4/4 + v**2/2 + v + 1. Suppose 0 = -4*h + 2*y - 14, 2*h + 3*y - 19 = 6*h. Give g(h).
-5
Let d(p) = -p**2 - p + 1. Let a(x) = 27*x**2 - 3*x + 2. Let k be a(1). Let y = 28 - k. Give d(y).
-5
Let w(l) = 40*l + 224. Let a(q) = -13*q - 70. Let u(y) = 16*a(y) + 5*w(y). Calculate u(1).
-8
Let t(u) = -6. Suppose 5*o = -14 - 16. Let s(p) = -6 + 2*p**2 - 3*p**2 + 0 + 1 + 0. Let w(d) = o*t(d) + 7*s(d). What is w(-1)?
-6
Suppose 3*c = -4*n + 62, c + 12 = 3*n - 28. Let u be (16/(-12))/((-3)/18). Let a(x) = 4 + x - u + n. What is a(0)?
10
Suppose 5*t - 5*y - 6 = 4, -4*y = 4*t. Let a be (-1 + 5 - t) + 1. Let m = a + -12. Let c(j) = j**2 + 9*j + 5. Determine c(m).
-3
Let t(r) be the first derivative of r**3/3 - 5*r**2/2 - 2*r + 104. Let f be -1*(-5 - -2*1). What is t(f)?
-8
Let w(d) = -d**3 + 7*d**2 - 3*d + 10. Suppose -22*z + 81 = -73. Determine w(z).
-11
Let o(x) be the third derivative of -x**6/120 - x**5/15 - x**4/4 - 2*x**3/3 - 72*x**2 - 4*x. Calculate o(-3).
5
Let p(x) = 1495*x**3 - 746*x**3 - 753*x**3 - x**2. Let k be 2 + (-2 - 1/(-1)). What is p(k)?
-5
Let h(k) = 5*k**3 - 4*k**2 + k - 2. Let v(d) = 8*d**3 - 7*d**2 + 3*d - 3. Let m(q) = 5*h(q) - 3*v(q). Determine m(2).
3
Let g = -41 + 38. Let u(f) be the second derivative of f**5/20 + f**4/12 - 2*f**3/3 + 4*f. Calculate u(g).
-6
Let y(l) = -l + 66*l**3 + 53*l**3 + 0 + 1 + 79*l**3 - 175*l**3. Calculate y(1).
23
Let a(h) = -h - 1. Let v be 0/((-6)/(6/(-1))). What is a(v)?
-1
Let k(c) = c**2 + 8*c - 2 + 6 + 1 - 3*c. Let t be 19/(-4) + 6/8. Calculate k(t).
1
Let c(a) = -8*a**2 + 2*a - 2. Suppose 3*o + 4*w + 9 = 0, 7*o = 5*o - w - 1. What is c(o)?
-8
Suppose 0 = -2*k + 3*t - 317 + 318, 39 = -2*k - 5*t. Let z(r) = 3*r**2 - 7*r - 2. Let s(l) = -2*l**2 + 7*l + 3. Let n(p) = 4*s(p) + 3*z(p). What is n(k)?
6
Suppose -2*n = 1 - 3. Let o(l) = 118*l - 2*l**2 - 118*l - 6. Let y(x) = -2*x**2 - 5. Let a(g) = -4*o(g) + 5*y(g). Give a(n).
-3
Let k(u) be the second derivative of u**5/20 - 5*u**4/6 + 11*u**3/6 + 5*u**2/2 + u - 707. Determine k(8).
-35
Suppose l - 5*w - 1 = 6, -4 = 2*w. Let r(v) = 2*v + 10. What is r(l)?
4
Let f be (3/(-6) + 0)*6. Let v(q) = 3*q - 3. Let i be v(f). Let m = i - -9. Let w(y) = -y**2 - 4*y + 2. Give w(m).
5
Suppose 5*m = -3*s - 14, 0 = 5*m - s + 2. Let h(x) be the third derivative of 1/30*x**5 + 0*x + 0 - 1/15*x**6 + 0*x**3 + 1/24*x**4 - 9*x**2. Determine h(m).
9
Let u(s) = -s - 2*s - 4 + 4 - 2. Let o(b) = -2*b - 1. Let n(h) = 5*o(h) - 3*u(h). Calculate n(0).
1
Let i(v) be the third derivative of 0*v**3 + 0 + 1/60*v**5 - 1/3*v**4 + 21*v**2 + 0*v. Determine i(6).
-12
Let t(i) = i**3 - 16*i**2 - 2*i + 22. Let f be t(16). Let s(r) = -r**2 - 9*r + 13. Determine s(f).
3
Suppose 9*p - 42 - 3 = 0. Suppose -5*g + 10 = 5*m, 4*g = -p*m + 2*g + 16. Let l(c) = c**2 - 3*c - 5. Give l(m).
-1
Let c(p) = -2*p**3 + 7*p**2 + 5*p - 9. Suppose -7*q = -782 + 754. Give c(q).
-5
Let y(u) = 13*u**2 - 2*u - 1. Let f(p) = -24*p**2 + 3*p + 2. Let c(z) = -6*f(z) - 11*y(z). Let l(g) = g**3 - 7*g**2 + 7*g - 12. Let a be l(6). What is c(a)?
11
Let u(o) be the second derivative of -o**6/720 - o**5/60 - 4*o**4 - 10*o. Let p(x) be the third derivative of u(x). What is p(8)?
-10
Let l(v) = -4*v**2 + 5 - 1 + 46473*v - 46468*v - 1. Calculate l(3).
-18
Let c(z) = -z**2 - 7*z + 5. Let h(l) = -l**2 - 8*l + 6. Let j(x) = 6*c(x) - 5*h(x). Give j(-5).
-15
Let n = -162 - -162. Suppose -2*b = -x - 4, -4 = -0*b - 4*b + 3*x. Let w(h) = h - 4 - h**3 + 6 + b. Give w(n).
6
Let a = -4 - -3. Let q(i) = -i**3 + i. Let b(n) = 5*n**3 - 4*n**2 - 9*n + 3. Let m(y) = a*b(y) - 6*q(y). Let v = 77 + -80. What is m(v)?
-3
Let s(r) = -r + 168 - 339 + 175. Give s(2).
2
Let k(d) be the first derivative of d**3/6 - d**2/2 + 25*d + 10. Let z(t) be the first derivative of k(t). Give z(2).
1
Let o be 4 + -2 + 0 + -1. Let v(i) = -1. Let b(y) = y + 3. Let n(a) = b(a) + 3*v(a). Give n(o).
1
Let g(i) = -6*i**2 + i + 2. Let q(j) = 3*j - 31. Let p be q(10). Let s be g(p). Let v(y) = -3*y - 4. Calculate v(s).
11
Let h(b) = 7*b**2 + 2*b - 7. Let s(c) = -3*c**2 - c + 3. Let x(a) = -2*h(a) - 5*s(a). Let g(r) = -7*r + 6. Let d(k) = g(k) + x(k). Give d(4).
-3
Let a(p) = 8*p + p + 1 - 10*p**2 + 2*p + 13*p**2 - 8*p. Determine a(-4).
37
Let b(f) be the first derivative of f**2/2 + 3*f + 1. Suppose 4*y = 9 - 49. Let k = y - -10. Give b(k).
3
Let t(j) = -3*j**3 - 19*j**2 + 7*j + 2. Let r(u) = 4*u**3 + 22*u**2 - 8*u - 3. Let q(o) = 4*r(o) + 5*t(o). What is q(6)?
-20
Let n(v) = -73*v**3 + v**2 - v + 3 + 74*v**3 + 0. What is n(0)?
3
Suppose -5*p - 14 = 1. Let w = 30 + -28. Let g(j) = -3*j**w - j**2 + 0*j**2 + 4*j - j**3 - 7*j. Calculate g(p).
0
Let x(t) be the third derivative of -t**7/2520 + t**6/120 - t**5/30 + 7*t**4/12 + 6*t**2. Let v(n) be the second derivative of x(n). Calculate v(5).
1
Let f be (-14)/(-10) - 2/5. Let y be (-2)/(-1) + (-5)/f. Let j(r) be the third derivative of -r**4/24 - 3*r**2 + 3. Give j(y).
3
Suppose 2*j - 3 = 5. Let t be 12/15*(7 + -2) + -2. Let z(x) = 4*x + 2*x - t*x - 1 + x - x**2. Give z(j).
3
Suppose 2*w + 54 = -w. Let x = w - -21. Let r(b) = 2*b - 8 - 4*b**x + 7*b**2 - 3*b**3 + 2*b**3 + 4*b**3. Give r(7).
6
Let d(a) be the second derivative of a**8/960 + a**7/1260 - a**6/360 + a**5/120 + 9*a**4/4 + 9*a. Let v(f) be the third derivative of d(f). Calculate v(1).
8
Let a(j) be the second derivative of j**5/5 + j**4/12 + 2*j**3/3 + 3*j**2/2 - 85*j. Calculate a(-1).
-4
Suppose -o - 4*c = 20, 0 = o + 3*o + 2*c + 24. Let s(u) be the third derivative of -u**5/30 - 7*u**4/24 - 2*u**3/3 - 10*u**2. What is s(o)?
-8
Let k be -8 + 7 + (1 - -21). Let n(i) = i**2 + k - 5*i + 0*i**2 - 21. Give n(4).
-4
Let r(x) = 6*x - 759 - 17*x + 762 + 12*x. Let u be 4*-1*2/(-2). What is r(u)?
7
Let l(j) be the first derivative of j**2/2 + 19*j - 198. Give l(-8).
11
Let u be (5 + 7 - 4)*-1. Let p(j) = -j**3 - 7*j**2 + 7*j - 1. Give p(u).
7
Suppose 5*x - 8 - 7 = 0. Suppose -x*p + 3 + 6 = 0. Let c(b) = 2*b**2 - 3*b**2 + 2*b**2 - p - 2 - b. Give c(0).
-5
Let t(f) = f**3 + f + 2. Let i(g) = -4*g**3 + 24*g**2 - 4*g + 9. Let y(d) = i(d) + 5*t(d). Determine y(-24).
-5
Let k(m) be the second derivative of m**5/20 - 3*m**4/4 - m**3/3 + 11*m**2/2 + 9*m - 4. Determine k(9).
-7
Let j(n) = n - 6. Let l = -1407 + 1397. Give j(l).
-16
Let z(b) = 4*b**2 + 2. Let j(s) = -3*s**3 - 4*s + 5. Let h be j(1). Determine z(h).
18
Let z be 21/14 + 9/2. Let u(l) = l**2 - 4*l + 7. Determine u(z).
19
Let k(d) be the third derivative of -d**4/24 + 3*d**3/2 + 113*d**2. Calculate k(9).
0
Let z(r) = 1 + 4*r**3 + 2 - 3*r - 2*r**3 - r**2. Let y(c) = -c**2 - 15*c + 2. Let n be y(-15). Let t be 0 - (n - 4/1). What is z(t)?
9
Let z be (-36)/(-10) - (-2)/5. Let v(a) be the first derivative of -a**3/3 + 3*a**2 - 3*a + 155. Calculate v(z).
5
Let n(c) = 11*c - 9. Let f(t) = -5*t - 1. Let b(o) = 2*f(o) + n(o). Determine b(-2).
-13
Let a(s) be the second derivative of -s**5/20 + s**4/12 + s**2/2 + 2*s. Suppose 328 = -2*b - 2*b. Let k = 82 + b. Calculate a(k).
1
Suppose -z - 4*v = -4*z - 27, -5*z - 45 = -4*v. Let a(q) = 2*q**3 + 19*q**2 + 5*q - 36. What is a(z)?
0
Suppose 6*n = -3*h + 5*n + 13, 0 = 2*h + 4*n - 22. Let k(g) = 2*g**3 - 3*g**2 - 3*g - 2. What is k(h)?
16
Let f(d) = 5*d**3 + 2*d**2 + d + 2. Suppose -4 = -2*g + 4*i, 0*g + 4*g + 6 = i. Calculate f(g).
-32
Let x(t) = -t**2 - 5*t - 3. Let n be x(-5). Suppose -11*m = -14*m - 9. Let q be (-3 - 0 - m) + n. Let b(i) = -i**3 - 3*i**2 + 2*i + 2. Determine b(q).
-4
Suppose 29*k + 24 = 26*k. Let t(d) be the first derivative of -d**3/3 - 9*d**2/2 - 7*d - 17. Calculate t(k).
1
Let b(n) be the second derivative of -13*n + 4/3*n**3 + 1/12*n**4 + 2*n**2 + 0. Calculate b(-7).
-3
Let j(q) = 15*q**2 + 5*q. Let t be j(-6). Let b(u) = t*u**2 - 510*u**2 - 1 - 4*u**3. Calculate b(1).
-5
Let i(s) = 48 + 41 - 84 + s. Suppose x = 6 - 3. Suppose 4*t = -4*v - 44, 3*v - 2*t - x*t = -1. Determine i(v).
-2
Let a(f) = -f - 1. Let v(p) = p - 9. Let t(j) = -6*a(j) + v(j). Suppose 4*z = 2*z + 24. Let n = z + -10. Give t(n).
11
Let h(u) = -u**2 - u + 55. Let r be h(7). Let x(g) = -17*g + 1. Calculate x(r).
18
Let x(m) = -2*m + 170 - 168 + 6*